
Let w(k) = k**2 + 6*k - 7. Let y(c) = c**2 - 9*c - 9. Let b be y(9). Let l be w(b). Calculate the greatest common factor of 4 and l.
4
Suppose 6*g + 576 = 10*g. Let k be 2/9 + g/81. Suppose -k*c + c + 18 = 0. What is the greatest common factor of c and 198?
18
Suppose 18*z - 23*z + 10 = 0, -2*i + 3*z + 1128 = 0. Calculate the greatest common factor of 7 and i.
7
Let p be (-8 - -9) + 3 + -2. Suppose x - 12 = p. Suppose -168 = 3*o - 6*o. Calculate the highest common divisor of x and o.
14
Suppose -201 = -4*j - 185. What is the highest common factor of j and 6?
2
Let o = 40 + -38. Suppose 12 = -o*l + 26. Calculate the highest common factor of l and 49.
7
Let x(t) = t**2 - t + 18. Let w be x(0). Suppose -w*s + 28 = -14*s. Calculate the highest common factor of s and 49.
7
Suppose -2*p = -4*x + 18, -2*p - 58 = x - 50. Calculate the greatest common divisor of 10 and x.
2
Let m be ((-18)/(-24))/(1/(-2))*-2. Suppose -m*w = -15, -5*z + 283 = -3*z - 5*w. What is the greatest common factor of 22 and z?
22
Let w(g) = -g**2 + 2*g. Let u(r) = -3*r**2 + 5*r. Let p(z) = -4*u(z) + 9*w(z). Let v be p(2). Calculate the greatest common factor of 88 and v.
8
Let q be 12*(-3)/(-54)*39. What is the highest common divisor of 234 and q?
26
Suppose 5*q - 129 = -24. Let h be 734/8 - (-3)/12. Let x = 55 + h. What is the greatest common factor of q and x?
21
Let c(v) = v**3 + 4*v**2 - v. Let o = 12 - 16. Let p be c(o). Calculate the greatest common factor of p and 1.
1
Let g(b) = 12*b - 6. Let c be g(4). Let q be 50/8 + -1 + (33/(-44))/(-1). Calculate the greatest common divisor of c and q.
6
Let d be (-1 + (-4332)/24)*(-16)/6. What is the highest common factor of d and 11?
11
Suppose 0*y = 5*y + 160. Let o = y - -46. Suppose -16 = -t + o. Calculate the highest common divisor of 6 and t.
6
Suppose 2*k + 6 = -0*k. Let d be 29/k + (-6)/(-9). Let z(n) = n**2 + 5*n - 8. Let h be z(d). What is the highest common divisor of 224 and h?
28
Let n = 17237 - 17045. Let w be (-32)/(-6)*(-9)/(-1). What is the highest common divisor of w and n?
48
Let x(m) = 3*m**2 - 4. Let z be x(4). Let g = -39 - -47. Suppose -3*h + z = 3*f - 2*h, -g = -4*h. Calculate the greatest common factor of 70 and f.
14
Let v = 115 + -97. Calculate the greatest common divisor of 738 and v.
18
Let k be 3 + (-10)/5 + -1 + 2. Let d = 142 + k. Calculate the highest common factor of d and 16.
16
Let q be 4*-1 + (8 - -2). Let k = q - 17. Let b = k - -22. What is the highest common divisor of 11 and b?
11
Let b(m) = 4*m**2 + m + 352. Let n be b(-16). Calculate the highest common factor of 51 and n.
17
Suppose 2*t - 5*p = -7*p + 12, -12 = -t + 5*p. What is the highest common divisor of 112 and t?
7
Suppose -32*h = 177 - 1169. Calculate the greatest common factor of 124 and h.
31
Let q be -4 + (-3)/((-12)/20). Suppose 11 = g + q. Suppose 3 = 2*i - 5. What is the greatest common divisor of i and g?
2
Let v(d) = -d**2 - 7*d + 6. Let s be v(-6). Let m = -1593 - -1591. Let x = s - m. What is the greatest common factor of 7 and x?
7
Let l be 184/((-3)/(-2)*(-72)/(-54)). What is the greatest common divisor of l and 391?
23
Suppose -4*h + 3*d - 6*d = -35, -9 = 3*d. Let i be 16*-1*2/2. Let m = i - -104. Calculate the highest common divisor of h and m.
11
Let y(m) = -31*m - 43. Let l be y(-3). What is the highest common divisor of 125 and l?
25
Let r = -339 - -351. What is the highest common divisor of 222 and r?
6
Suppose 3*o + o = 12, 0 = -4*m + 5*o + 353. Suppose -8*n + m = 3*y - 6*n, -5*y + 128 = -3*n. Calculate the highest common divisor of 4 and y.
4
Let f be 63/15*120/18. Calculate the greatest common divisor of f and 238.
14
Let r = 3376 + -2632. What is the highest common divisor of r and 48?
24
Let x(g) = 6*g**2 + 5*g - 5 + g + 2*g - g**3. Let i be x(7). Let h = 0 + 10. What is the highest common divisor of i and h?
2
Let v(m) = -11*m + 4. Let g be v(-6). Let c = -290 - -304. Calculate the greatest common divisor of g and c.
14
Let w be 1 - -16 - (3 + -2). Suppose 0 = -9*r + 4*r + h + 116, 4*h - 64 = -2*r. Calculate the greatest common divisor of r and w.
8
Let z(v) = 4*v**2 - v**2 - v**2 + 9*v. Let h be z(-7). Calculate the highest common factor of 5 and h.
5
Suppose -3*j - 35 + 389 = 0. Let y = -2 + j. Let x = -64 + 93. What is the highest common divisor of y and x?
29
Suppose 0 = -4*d + 3*d + 8. Let j = -69 - -72. Let y be 6*2/3*(j - -1). What is the greatest common factor of d and y?
8
Suppose -3*t - 101 - 54 = -4*c, -129 = -3*c - 2*t. What is the greatest common factor of 1025 and c?
41
Let h = -11 - -13. Suppose -c + 9 = -h*u, -2*c = 3*u + 2*u - 18. Calculate the greatest common divisor of 12 and c.
3
Let x(j) = j**3 - 6*j**2 + 6*j - 7. Let w be x(5). Let p be 4/(3*w/(-27)). Suppose g - 486 = -8*g. What is the highest common divisor of g and p?
18
Let v be 960/9*6/5. Suppose 5*j - 13*j + v = 0. What is the greatest common divisor of 40 and j?
8
Let y(g) = -2*g - 33. Let v be 4/(-18) - (-453)/(-27). Let r be y(v). Let i be (2 - 3)/r*-10. Calculate the highest common divisor of 70 and i.
10
Let c(z) = -25*z**3 - 2*z**2 - z. Let k be c(-1). Let g = k - -12. Suppose 60 = s + 4*s. Calculate the greatest common divisor of s and g.
12
Let z be 0 + 17 - 18/(-6). Suppose -s + 23 = -z. What is the greatest common factor of s and 344?
43
Suppose -259 = 2*t - 3*t. Suppose 4*c - t = n, 3*c - 3*n + 2*n = 193. Suppose -4 = 2*m, -4*i = -3*m - c - 44. Calculate the highest common factor of i and 208.
26
Let l be 4 - (-4)/12*0. Let p be (2 - -1)*(l + (-6)/9). Calculate the highest common factor of p and 110.
10
Suppose -4*c = 3*b - 2*c - 88, 0 = -2*c - 2. What is the greatest common divisor of b and 3?
3
Let m(p) = -19*p**3 + 2*p**2 + 3*p + 2. Let v be m(-1). Let b(t) = -2*t**2 - 4*t + 10. Let q be b(-3). What is the greatest common factor of v and q?
4
Let p(y) = -3*y**2 + 5*y - 7. Let k be p(2). Let m be ((-99)/2)/(k/12). Calculate the greatest common factor of 44 and m.
22
Suppose 0 = 4*j - 6 - 2, -1021 = -5*k - 3*j. Calculate the highest common divisor of 21 and k.
7
Let d be 1704/60 + 6/(-15). What is the highest common divisor of d and 14?
14
Let p be 2 + 117 + -1 - -2. Let c = 81 - 38. Let u = c - 28. Calculate the greatest common divisor of p and u.
15
Suppose -w = 5*n - 12, w + n = 6 + 18. Let m = -128 - -422. Let z = m + -159. Calculate the greatest common divisor of z and w.
27
Let r = -69 - -121. Let g = r - 47. What is the highest common divisor of g and 15?
5
Suppose 3*q - 4 + 10 = 0. Let m be ((-7)/q - 3)*38. Calculate the greatest common factor of m and 38.
19
Suppose 5*b + w = 4*w + 34, 40 = 5*b - 5*w. Suppose 3*c = r + 454, -r = b*c - 0*c - 770. What is the highest common divisor of 17 and c?
17
Let u(c) = c**3 - 10*c**2 + 10*c - 10. Let y be u(11). Suppose 0 = 2*l + w - 387, -2*w - y = -l - 35. What is the highest common divisor of l and 12?
12
Let s = -274 + 535. What is the greatest common factor of s and 29?
29
Let r = -274 + 856. Suppose 6*u - r = 3*u. Let h = u + -95. Calculate the greatest common factor of h and 11.
11
Let i(a) be the second derivative of -2*a**3/3 - 11*a**2/2 + 6*a. Let v be i(-10). Suppose -5*u = -19 - 126. What is the highest common divisor of v and u?
29
Let y(l) = -l + 19. Let w be y(12). Suppose 0 = 3*h - 15, -24 = b - 4*h - w. Suppose -b*k = -4 + 1. Calculate the greatest common divisor of 1 and k.
1
Suppose -17*v - 15 = -1596. Calculate the highest common divisor of 124 and v.
31
Suppose 10 = 2*z, 8 = c - 4*c + 4*z. Suppose v = -l + 22, -c*v = -l - 3*l + 56. Calculate the greatest common divisor of l and 2.
2
Suppose 0 = -2*a - 4*h + 32 + 40, 5*a + h = 225. What is the highest common factor of 138 and a?
46
Let m(t) = t**3 + 6*t**2 - 10*t + 10. Let b be m(-5). Suppose k = -2*k - s + 98, 0 = 5*k - 2*s - 178. What is the highest common factor of k and b?
17
Let g = -1 + 1. Suppose g = t + t + 2, 5*u - 3*t - 233 = 0. Suppose 0 = 2*z - k - 141, 2*k = -5*z + 475 - 136. Calculate the highest common divisor of u and z.
23
Suppose -3*m + 5 = -2*w, 2*w + 16 = 4*w + 4*m. Suppose 3*d = g - 2*d - 15, -48 = -5*g - w*d. What is the highest common divisor of g and 110?
10
Suppose -5*d - y + 85 = 4*y, 4*y = 3*d - 79. Let a = d + -14. Let r(c) = c + 49. Let x be r(0). Calculate the highest c